de 33146450?
False
Is 52648709 a multiple of 63?
False
Is 354254268 a multiple of 1212?
True
Does 26 divide 604581?
False
Is 14 a factor of 76009149?
False
Is 22945071 a multiple of 7?
False
Is 13 a factor of 35092291?
True
Does 33 divide 141245116?
False
Is 35 a factor of 518233935?
False
Does 4 divide 147609540?
True
Does 286 divide 1815687054?
False
Is 2241 a factor of 1836181278?
True
Does 41 divide 20426856?
True
Does 7 divide 8121232?
True
Is 271494458 a multiple of 2020?
False
Is 57492222 a multiple of 7?
False
Does 389 divide 26350860?
True
Is 139392525 a multiple of 338?
False
Is 14 a factor of 92927609?
False
Is 108968223 a multiple of 273?
True
Is 229 a factor of 120563004?
True
Is 2331928261 a multiple of 97?
False
Is 25170542 a multiple of 882?
False
Is 100 a factor of 416124933?
False
Is 206 a factor of 5563578759?
False
Is 23249520 a multiple of 28?
True
Does 19 divide 72847046?
False
Does 536 divide 58656081?
False
Is 18 a factor of 19342611?
False
Is 56588305 a multiple of 301?
False
Is 25418442 a multiple of 9?
False
Is 406 a factor of 462213136?
True
Does 1201 divide 665508439?
False
Is 5 a factor of 7954160?
True
Does 74 divide 988714018?
False
Is 36860355 a multiple of 7?
True
Is 48 a factor of 342467376?
True
Is 2297102 a multiple of 5?
False
Is 2894 a factor of 131381883?
False
Is 40 a factor of 26979760?
True
Is 333025112 a multiple of 93?
False
Is 65428251 a multiple of 50?
False
Does 30 divide 798215910?
True
Does 10 divide 1316254860?
True
Is 1780397 even?
False
Is 8945105 a multiple of 6?
False
Is 20321360 a multiple of 389?
True
Is 209 a factor of 1228752800?
True
Is 113869223 a multiple of 19?
True
Does 1093 divide 98397325?
True
Is 384 a factor of 20552708?
False
Does 13 divide 219108916?
True
Does 4121 divide 5845758009?
True
Is 1610 a factor of 39627755?
False
Is 752 a factor of 343989687?
False
Does 10 divide 117413275?
False
Does 1605 divide 60027000?
True
Is 608 a factor of 693809027?
False
Is 842682258 a multiple of 55?
False
Does 1128 divide 6283157?
False
Is 127634747 a multiple of 6?
False
Is 17603085 a multiple of 30?
False
Is 63888343 a multiple of 1991?
False
Is 871486832 a multiple of 76?
True
Is 236669216 a multiple of 1013?
True
Is 175581397 a multiple of 23?
False
Is 352030084 a multiple of 1897?
True
Is 1825 a factor of 356412761?
False
Is 228156280 a multiple of 62?
True
Is 1659 a factor of 306448821?
True
Is 3 a factor of 46109943?
True
Does 8 divide 12706640?
True
Is 2038818110 a multiple of 3?
False
Does 8 divide 98890864?
True
Is 8476312 a multiple of 596?
True
Is 38964943 a multiple of 26?
False
Does 1323 divide 71886581?
False
Is 129 a factor of 1502811816?
True
Is 198 a factor of 7144632?
True
Is 20872925 a multiple of 5?
True
Does 32 divide 71456662?
False
Does 2 divide 5317371?
False
Is 59390768 even?
True
Is 179687594 a multiple of 1081?
False
Is 11 a factor of 20339751?
False
Is 149991050 a multiple of 2374?
False
Does 56 divide 34084365?
False
Is 32 a factor of 4044577479?
False
Is 72 a factor of 4281048?
True
Is 812653860 a multiple of 20?
True
Is 570 a factor of 48603625?
False
Is 49256148 a multiple of 372?
True
Does 34 divide 1350214?
False
Is 1530100703 a multiple of 155?
False
Is 9 a factor of 283029471?
True
Does 7 divide 535742015?
False
Is 1282534523 a multiple of 762?
False
Is 6003694 a multiple of 3693?
False
Is 729 a factor of 74899296?
False
Does 138 divide 40606776?
True
Does 56 divide 420935480?
True
Is 3069 a factor of 604186934?
False
Is 94 a factor of 129754780?
True
Is 19 a factor of 17422990?
False
Is 104 a factor of 469493336?
True
Does 25 divide 22181825?
True
Is 987 a factor of 333431301?
True
Does 70 divide 217854024?
False
Is 176 a factor of 54276992?
True
Does 285 divide 233766927?
False
Is 2759968 a multiple of 1071?
False
Is 46 a factor of 1729462?
True
Is 3690960 a multiple of 507?
True
Does 1929 divide 581172978?
True
Is 210202840 a multiple of 109?
False
Does 19 divide 5081091?
False
Does 65 divide 22452309?
False
Is 326063226 a multiple of 1637?
False
Is 2210561605 a multiple of 265?
False
Is 742 a factor of 1011114496?
True
Does 621 divide 1997147178?
True
Is 204293386 a multiple of 2000?
False
Is 3 a factor of 13117856?
False
Is 90028719 a multiple of 363?
True
Does 1688 divide 94215458?
False
Is 522116658 a multiple of 27?
True
Does 81 divide 20301354?
True
Is 32 a factor of 88711584?
True
Does 1153 divide 1728372366?
True
Is 143475703 a multiple of 1322?
False
Is 4596 a factor of 3055687368?
True
Does 65 divide 31940237?
False
Is 16 a factor of 4626032?
True
Is 25 a factor of 112897575?
True
Does 849 divide 3807837?
False
Is 284318775 a multiple of 132?
False
Is 31 a factor of 1005471989?
False
Is 14181 a factor of 2313683650?
False
Is 49640495 a multiple of 185?
True
Is 212633220 a multiple of 15?
True
Is 2983 a factor of 1654706265?
False
Does 822 divide 3125290?
False
Does 97 divide 3225862?
False
Is 40 a factor of 154516640?
True
Is 365139005 a multiple of 7?
True
Does 350 divide 214689981?
False
Is 10466252 a multiple of 142?
True
Does 10 divide 84786883?
False
Does 971 divide 686092093?
True
Is 27956370 a multiple of 485?
True
Does 516 divide 30980906?
False
Is 619344756 a multiple of 2796?
True
Is 605 a factor of 35871055?
True
Is 405025170 a multiple of 1122?
True
Does 52 divide 541312?
False
Is 828555489 a multiple of 590?
False
Does 965 divide 89397641?
False
Does 459 divide 27790243?
False
Is 1877 a factor of 96885699?
False
Is 22878675 a multiple of 69?
True
Is 28 a factor of 60077304?
True
Is 1853533638 a multiple of 418?
True
Is 2181271314 a multiple of 115?
False
Does 2268 divide 621170928?
False
Does 1116 divide 270152756?
False
Does 274 divide 8657304?
True
Does 11 divide 3312903?
True
Does 11920 divide 6989256240?
True
Is 532 a factor of 12078528?
True
Is 21 a factor of 273315651?
True
Is 2058177 a multiple of 8?
False
Is 74326281 a multiple of 1400?
False
Is 9 a factor of 2301918628?
False
Is 1069256100 a multiple of 145?
True
Is 399762528 a multiple of 1850?
False
Is 1069462047 a multiple of 1043?
False
Is 4162 a factor of 4543701182?
True
Is 45417226 a multiple of 2647?
True
Is 74442966 a multiple of 1811?
True
Is 55152480 a multiple of 60?
True
Is 373463796 a multiple of 2154?
False
Is 4153781 a multiple of 278?
False
Does 61 divide 2464517523?
False
Does 178 divide 59252106?
True
Is 5435694 a multiple of 297?
True
Is 4986558 a multiple of 954?
True
Does 6 divide 1252849346?
False
Is 33 a factor of 275668457?
False
Is 21000250 a multiple of 250?
True
Is 465439 a multiple of 13?
True
Is 1935 a factor of 2003236264?
False
Is 130 a factor of 45953399?
False
Is 7102 a factor of 97851356?
True
Does 79 divide 6692011?
True
Does 2955 divide 1511171795?
False
Is 4721 a factor of 485597339?
True
Does 16 divide 1068956025?
False
Is 47144049 a multiple of 463?
True
Is 269455140 a multiple of 120?
False
Is 40427370 a multiple of 2139?
False
Is 1628415110 a multiple of 4334?
False
Is 277 a factor of 312655?
False
Does 9 divide 347359570?
False
Does 219 divide 29343591?
True
Does 13 divide 1533524404?
False
Is 15952014 a multiple of 5?
False
Is 120858427 a multiple of 243?
False
Is 4339 a factor of 143999059?
False
Is 35036223 a multiple of 11?
False
Does 22 divide 56578500?
True
Is 30 a factor of 487656412?
False
Is 41879131 a multiple of 73?
False
Is 120418807 a multiple of 148?
False
Is 2467566024 a multiple of 4712?
True
Does 2616 divide 56069404?
False
Is 50 a factor of 4562800?
True
Does 20 divide 39326531?
False
Is 205041613 a multiple of 12?
False
Is 162303210 a multiple of 30?
True
Does 13 divide 216019118?
False
Is 64660080 a multiple of 1286?
True
Is 19989117 a multiple of 2?
False
Is 120853545 a multiple of 5251?
False
Is 29 a factor of 9688581?
True
Is 1147 a factor of 66910260?
False
Is 435 a factor of 464386425?
True
Does 939 divide 16257183?
False
Is 414993219 a multiple of 29?
True
Is 43 a factor of 14968128?
True
Is 11213 a factor of 2011616958?
False
Is 10105344 a multiple of 384?
True
Is 17 a factor of 617984?
True
Is 1661065677 a multiple of 3753?
False
Is 138 a factor of 146104435?
False
Is 123906469 a multiple of 418?
False
Is 841 a factor of 140638748?
True
Does 162 divide 3983580?
True
Is 23 a factor of 2655925